21 a multiple of 14?
False
Is 19 a factor of 953?
False
Does 6 divide 8071?
False
Does 227 divide 103285?
True
Is 2320 a multiple of 16?
True
Is 7630 a multiple of 30?
False
Is 12148 a multiple of 30?
False
Is 17051 a multiple of 17?
True
Is 6670 a multiple of 145?
True
Does 207 divide 24187?
False
Is 11122 a multiple of 134?
True
Is 208 a multiple of 26?
True
Is 30276 a multiple of 9?
True
Does 19 divide 1615?
True
Is 81 a factor of 10611?
True
Is 9 a factor of 117?
True
Is 12936 a multiple of 12?
True
Does 70 divide 212?
False
Is 928 a multiple of 29?
True
Is 194 a factor of 30243?
False
Does 12 divide 7440?
True
Is 20 a factor of 43180?
True
Is 37 a factor of 2405?
True
Is 10308 a multiple of 6?
True
Is 452 a multiple of 4?
True
Does 9 divide 198?
True
Does 133 divide 56424?
False
Is 41748 a multiple of 294?
True
Does 7 divide 861?
True
Does 338 divide 69657?
False
Does 68 divide 1156?
True
Does 16 divide 6672?
True
Is 725 a multiple of 29?
True
Is 36040 a multiple of 47?
False
Does 6 divide 813?
False
Does 29 divide 3674?
False
Is 2544 a multiple of 24?
True
Is 42854 a multiple of 32?
False
Is 29 a factor of 52255?
False
Is 26680 a multiple of 3?
False
Does 7 divide 308?
True
Does 65 divide 4550?
True
Does 11 divide 2809?
False
Is 5014 a multiple of 41?
False
Is 10548 a multiple of 293?
True
Is 32 a factor of 18976?
True
Is 343 a multiple of 49?
True
Is 6 a factor of 10956?
True
Is 610 a multiple of 23?
False
Is 423 a multiple of 47?
True
Does 3 divide 459?
True
Does 15 divide 27700?
False
Is 370 a factor of 34040?
True
Does 13 divide 22958?
True
Is 3 a factor of 1284?
True
Does 14 divide 7322?
True
Is 199 a multiple of 37?
False
Is 9 a factor of 18183?
False
Does 12 divide 5499?
False
Does 61 divide 45463?
False
Is 16 a factor of 15671?
False
Is 3698 a multiple of 9?
False
Is 30917 a multiple of 53?
False
Is 25 a factor of 15225?
True
Is 2 a factor of 259?
False
Is 28430 a multiple of 36?
False
Does 56 divide 82812?
False
Is 773 a multiple of 15?
False
Is 5886 a multiple of 9?
True
Does 6 divide 2688?
True
Is 63 a multiple of 3?
True
Is 24 a factor of 24?
True
Does 12 divide 1876?
False
Is 867 a multiple of 22?
False
Is 1212 a multiple of 73?
False
Does 32 divide 1629?
False
Is 58604 a multiple of 23?
True
Is 22 a factor of 1298?
True
Is 41466 a multiple of 6?
True
Is 1092 a multiple of 26?
True
Is 390 a multiple of 65?
True
Is 134 a factor of 402?
True
Is 3279 a multiple of 26?
False
Is 16 a factor of 444?
False
Is 13 a factor of 90?
False
Is 57 a factor of 9315?
False
Is 45 a factor of 679?
False
Is 45 a factor of 8911?
False
Does 8 divide 10?
False
Is 482 a multiple of 27?
False
Is 65 a factor of 4615?
True
Is 344 a multiple of 11?
False
Does 159 divide 96354?
True
Is 325 a multiple of 29?
False
Is 478 a factor of 30114?
True
Is 32 a factor of 608?
True
Is 24 a factor of 122?
False
Is 37 a factor of 15170?
True
Is 30 a factor of 4316?
False
Is 61 a factor of 2217?
False
Does 2 divide 2683?
False
Does 36 divide 1116?
True
Is 4106 a multiple of 82?
False
Is 275 a multiple of 5?
True
Is 1216 even?
True
Does 24 divide 1272?
True
Is 33 a factor of 16473?
False
Does 257 divide 37412?
False
Does 19 divide 8962?
False
Is 784 a multiple of 49?
True
Is 303 a factor of 21137?
False
Is 999 a multiple of 90?
False
Does 5 divide 31233?
False
Is 92 a factor of 3312?
True
Does 182 divide 77421?
False
Is 752 a multiple of 10?
False
Is 15 a factor of 1470?
True
Is 29498 a multiple of 98?
True
Does 12 divide 1056?
True
Is 5 a factor of 469?
False
Does 2 divide 206?
True
Does 137 divide 6158?
False
Is 3 a factor of 240?
True
Is 14100 a multiple of 10?
True
Is 1350 a multiple of 9?
True
Does 9 divide 7336?
False
Is 2244 a multiple of 22?
True
Does 209 divide 30461?
False
Does 14 divide 1512?
True
Does 13 divide 1209?
True
Is 5537 a multiple of 7?
True
Does 8 divide 24?
True
Does 11 divide 255?
False
Does 94 divide 41997?
False
Does 33 divide 627?
True
Is 1208 a multiple of 16?
False
Is 8 a factor of 18830?
False
Does 25 divide 17575?
True
Is 74 a factor of 9620?
True
Is 10200 a multiple of 68?
True
Does 16 divide 272?
True
Is 6038 a multiple of 224?
False
Does 33 divide 6696?
False
Is 54 a factor of 1404?
True
Is 12256 a multiple of 32?
True
Does 15 divide 630?
True
Does 7 divide 809?
False
Is 4 a factor of 310?
False
Is 4737 a multiple of 11?
False
Is 7665 a multiple of 153?
False
Is 195 a factor of 28470?
True
Does 59 divide 6313?
True
Is 25116 a multiple of 276?
True
Is 10 a factor of 4766?
False
Is 90 a factor of 52468?
False
Is 224 a multiple of 8?
True
Is 1668 a multiple of 12?
True
Is 51 a factor of 2703?
True
Is 180 a multiple of 4?
True
Is 420 a multiple of 9?
False
Is 76 a factor of 1368?
True
Does 88 divide 1584?
True
Is 12753 a multiple of 10?
False
Is 528 a multiple of 22?
True
Is 1680 a multiple of 35?
True
Does 151 divide 38656?
True
Does 16 divide 240?
True
Is 27 a factor of 20847?
False
Is 37 a factor of 407?
True
Is 125 a factor of 11875?
True
Is 530 a multiple of 2?
True
Does 84 divide 983?
False
Is 170 a multiple of 4?
False
Is 2 a factor of 132?
True
Is 23950 a multiple of 10?
True
Is 36952 a multiple of 62?
True
Does 4 divide 84?
True
Is 1886 a multiple of 9?
False
Does 5 divide 575?
True
Is 7 a factor of 224?
True
Is 19 a multiple of 18?
False
Does 17 divide 1700?
True
Does 12 divide 96?
True
Is 16100 a multiple of 115?
True
Does 32 divide 6048?
True
Does 13 divide 12116?
True
Is 39 a factor of 13271?
False
Is 2 a factor of 125?
False
Is 28 a factor of 307?
False
Is 40000 a multiple of 80?
True
Is 20 a factor of 480?
True
Is 27 a factor of 972?
True
Is 2 a factor of 9864?
True
Is 481 a multiple of 13?
True
Is 24 a factor of 1689?
False
Does 25 divide 35850?
True
Does 8 divide 8328?
True
Is 87504 a multiple of 399?
False
Is 115 a factor of 112010?
True
Does 15 divide 2715?
True
Is 60 a factor of 9707?
False
Does 8 divide 1070?
False
Is 17 a factor of 3105?
False
Does 68 divide 23868?
True
Is 798 a multiple of 38?
True
Does 26 divide 22329?
False
Is 26 a factor of 728?
True
Is 13 a factor of 258?
False
Is 306 a multiple of 51?
True
Is 648 a multiple of 25?
False
Is 7 a factor of 805?
True
Does 20 divide 160?
True
Does 34 divide 6256?
True
Is 28548 a multiple of 122?
True
Is 14564 a multiple of 22?
True
Does 4 divide 1033?
False
Is 46 a factor of 1886?
True
Is 12 a factor of 8516?
False
Is 18 a factor of 3002?
False
Is 4864 a multiple of 16?
True
Does 74 divide 986?
False
Does 73 divide 12064?
False
Is 9350 a multiple of 85?
True
Does 19 divide 950?
True
Is 14 a factor of 7878?
False
Is 11 a factor of 1655?
False
Is 886 a multiple of 13?
False
Is 48 a multiple of 4?
True
Does 134 divide 33727?
False
Is 720 a multiple of 36?
True
Is 5511 a multiple of 33?
True
Is 11 a factor of 275?
True
Is 19424 a multiple of 8?
True
Is 39 a factor of 150541?
False
Is 81000 a multiple of 120?
True
Is 27 a factor of 9370?
False
Is 5930 a multiple of 96?
False
Does 62 divide 32364?
True
Is 8 a factor of 165?
False
Does 75 divide 17812?
False
Does 35 divide 1221?
False
Is 5892 a multiple of 11?
False
Is 583 a multiple of 5?
False
Is 7832 a multiple of 8?
True
Is 11 a factor of 3032?
False
Is 16 a factor of 32?
True
Does 69 divide 1035?
True
Is 23 a factor of 1202?
False
Does 8 divide 28421?
False
Does 65 divide 28955?
False
Does 2 divide 422?
True
Does 2 divide 12646?
True
Is 31 a factor of 775?
True
Does 71 divide 142?
True
Does 38 divide 687?
False
Does 18 divide 428?
False
Is 1665 a multiple of 15?
True
Does 2 divide 6134?
True
Is 57 a multiple of 57?
True
Is 3 a factor of 15?
True
Does 8 divide 1624?
True
Is 15 a factor of 405?
True
Is 70 a multiple of 14?
True
Is 115 a factor of 17825?
True
Is 1074 a multiple of 11?
False
Is 3 a factor of 142?
False
Is 28 a factor of 3276?
True
Is 2651 a multiple of 5?
False
Does 70 divide 280?
True
Is 10 a factor of 460?
True
Is 5784 a multiple of 36?
False
Does 7 divide 80730?
False
Is 8 a factor of 152?
True
Is 409 a multiple of 50?
False
Is 31 a factor of 41829?
False
Is 33 a factor of 41952?
False
Is 15948 a multiple of 12?
True
Does 19 divide 51664?
False
Is 11608 a multiple of 174?
False
Is 1593 a multiple of 27?
True
Is 902 a multiple of 34?
False
Is 9 a factor of 1638?
True
Is 8676 a multiple of 12?
True